.
4
Let w be 3*-1 - 24/88*11. Let i(y) = 5*y + 25. Calculate i(w).
-5
Let n(q) = q**3 - q + 12. Suppose -4 = 4*o - 5*o. Suppose -o*f + 7*z = 3*z + 16, 0 = -2*f + 4*z - 16. What is n(f)?
12
Let h be 3 - (5 - (-4)/(-1)). Let t be h + (-6)/1 + 5. Let k(s) = 11*s**2 + 2*s - 1. Give k(t).
12
Let y(h) = -h**2 + 2*h + 5. Suppose 20*j - 15*j + 25 = 0. Determine y(j).
-30
Let s be 1/1 + (1 - 0). Suppose -s*h - 3*h = 30. Let i(r) = -7*r + 160*r**2 - 324*r**2 + 163*r**2 + 3. Calculate i(h).
9
Let v = -376 - -371. Let f(o) = 3*o + 1. What is f(v)?
-14
Suppose -3*u = -7 - 11. Suppose -4*a + u = -a. Let w(d) = -d**3 + 2*d**2 - d. Let q(t) = -2*t**3 + 3*t**2 - t. Let f(m) = 2*q(m) - 3*w(m). What is f(a)?
-6
Let d = 403 - 399. Let j(a) = -a**3 + 3*a**2 + a - 4. Calculate j(d).
-16
Let p(j) = j**3 + 30*j**2 - 34*j - 101. Let l be p(-31). Let d(g) = g**3 + 9*g**2 + 8*g - 3. Give d(l).
-3
Let p(i) = i**2 + 3*i + 2. Let l be 4/(-4) + (-45)/3. Let o = -10 - l. Let q = 1 - o. What is p(q)?
12
Let k be (5 - (-87)/(-9))*(-9)/(-6). Let c(r) = r**2 + 7*r - 10. Calculate c(k).
-10
Let a(n) = 2*n**2 + 3*n - 6. Let t(y) = 2*y**3 - 2*y**2 + 1. Let l be t(1). Let g(u) = l - 2 + u + 0. Let s(j) = -a(j) + g(j). What is s(-4)?
-19
Suppose -4*n = -5*g - 49, -3*n + n + 5*g + 37 = 0. Let u be 289/51 - (-2)/n. Let r(l) = l**2 - 9*l + 9. Give r(u).
-9
Let o be (14/(-42))/((-1)/(-12)). Let f(g) = 3*g + 2. Calculate f(o).
-10
Let u(l) be the third derivative of l**6/120 - 2*l**5/15 + l**4/3 - l**3/3 + 4*l**2 + 40*l. What is u(7)?
5
Let m(y) = 3*y + 3 + 0*y + 0*y. Suppose -24*j - 2*c = -29*j + 24, 4*j + 5*c = 6. What is m(j)?
15
Let q(d) = 29*d + 11. Let g(v) = -84*v - 30. Let i(r) = -4*g(r) - 11*q(r). Suppose 3*k = 4*k - 1. What is i(k)?
16
Let z(h) = h**3 + 15*h**2 + 13*h - 1. Suppose 4*v + 2*d + 44 = -2*d, 2*v = -3*d - 19. Calculate z(v).
13
Let m(x) = -x**3 + 5*x**2 + 6*x + 8. Suppose w + 0*u - 5*u - 21 = 0, 4*w - 4*u - 100 = 0. Suppose -5*d = -4*v + 24, -w = -4*v - d - 2. Calculate m(v).
8
Let q(b) = 5*b**2 + 6*b - 1. Let c(h) = 4*h + 933 - 936 + 14*h**2 + 13*h. Let g(m) = -4*c(m) + 11*q(m). Calculate g(2).
-7
Let s be 1 - (1 + -2 + -1). Let r(c) be the second derivative of c**5/20 - c**4/6 + c**3/3 - c**2 - 1289*c. What is r(s)?
13
Let s be 1*15/(1 - 4). Let x be (12/6)/(((-16)/10)/(-4)). Let d(q) = -q**2 + 195 - 195 - x*q. Calculate d(s).
0
Let d = 4 - 2. Let t(q) = q**2 + q - 1. Let h(v) = -4*v**2 - 3*v + 4. Let y(k) = -h(k) - 5*t(k). Let o(p) be the first derivative of y(p). What is o(d)?
-6
Let v(b) = b**2 + 8*b + 16. Suppose 0*p - 2*p = -4*n + 28, p = -4*n + 4. Let c be v(p). Let i(y) = 18*y + c*y - 33*y. Give i(0).
0
Suppose 0 = 10*p - 13*p + f + 15, 3*f + 9 = 0. Let t(o) = -o - 4. Give t(p).
-8
Let f(z) = -1 - 4*z**2 + 9*z**2 + 3 - z**3 - 9*z**2. Let r(u) = u**3 - 7*u**2 + 7*u - 6. Let s be r(6). Let l be s - (2 - 4) - 5. Calculate f(l).
-7
Suppose 3*p = 3*g - 21, -5*g - 3*p = 10 - 5. Let a(b) = 2*b**2 + 4*b**2 - 2*b**2 - 2*b**g. Determine a(1).
2
Let a(i) = i**3 + 1. Let h be ((-220)/(-275))/(4/(-10)). What is a(h)?
-7
Suppose 3*d = -5 - 7. Let r(g) be the second derivative of g**5/60 + g**4/6 - g**3/3 - 5*g**2/2 - 4*g. Let a(s) be the first derivative of r(s). Determine a(d).
-2
Let q(g) = g**3 - 2*g**2 + 2*g - 1. Suppose -5*m + 23 = -37. Suppose -2*z + 8*w - 3*w = -25, 0 = -3*z + 4*w + 48. Let a be 4/z - m/(-15). Give q(a).
0
Suppose d + 4*h = 25, d - 45 = -3*d - 5*h. Let t(f) = 9*f + 6. Calculate t(d).
51
Let f(m) = -2*m**2 - 4*m. Let b = 93 - 96. Give f(b).
-6
Let a(u) = 1 - 10 - u + 4 + 2*u. Let r be 75/(-30)*4/2. Calculate a(r).
-10
Let n(b) = 10*b + 6*b - 15*b - 1. Let x(a) = a**2 + 7*a - 10. Let p(l) = 6*n(l) - x(l). Give p(3).
-8
Let y(f) = -f + 2. Let k be y(3). Let q = -2 + k. Let u(o) = -4*o**2 + 0*o**3 + 3 - 7*o + 4*o - o**3 + 0*o. What is u(q)?
3
Let x(p) = -3*p**3 + 2*p - 1. Suppose -11 = -3*q + 1. Suppose 0 = -q*k + k + 3. Give x(k).
-2
Let b(l) be the third derivative of 1/3*l**3 + 0*l + 0 - 1/15*l**5 - 2*l**2 + 1/120*l**6 + 0*l**4. Give b(4).
2
Let h be -5 + ((-174)/90 - -7). Let r(o) be the third derivative of 0 + 10*o**2 - h*o**5 - 1/8*o**4 - 1/6*o**3 + 0*o. Determine r(-2).
-11
Let c = 71 - 73. Let r(z) = -2*z**2 + 4*z + 3. Calculate r(c).
-13
Suppose 24*i - 12*i = -1824. Let r = 147 + i. Let s(b) = -7 + 2*b**3 - 5*b - 3*b**3 - 3*b**2 - 3*b**2. Determine s(r).
-7
Let a(c) = 10*c**2 - 19*c**2 + 6*c**2 - 2 + 3. Let r(q) = -2*q**2 - 23*q + 10. Let u be r(-12). Give a(u).
-11
Let t be ((-56)/(-6))/(3/18). Suppose -m + t = 2*g, 2*m + 3*m = g - 17. Suppose 4*x + 3*o = -g, 5*x - 5*o + 10*o + 40 = 0. Let v(z) = -z**2 + 4. Give v(x).
-5
Let n(j) = -j**3 + j - 9. Let c(a) = a**2 + 5*a. Let r be ((-10)/(-1))/((-8)/4). Let l be c(r). Let s be (l - 0)/((-8)/4). What is n(s)?
-9
Let k(b) be the second derivative of b**5/10 - b**4/4 - b**3/3 + b**2/2 + 45*b. What is k(3)?
22
Suppose 0 = 2*a - 79 + 25. Let h be (-25)/(-3) + (-9)/a. Let s be ((-4)/6)/(h/(-84)). Let j(c) = -c**3 + 7*c**2 - 6. Determine j(s).
-6
Let t(w) = -2*w - 2. Let g(b) = -2*b - 3. Let k(m) = -6*g(m) + 5*t(m). Let h(a) = a**2 + 7*a. Let c be h(-6). Give k(c).
-4
Suppose -2*t = -2*k - 8, -3*t = -4*t - 5*k + 4. Suppose 3*o = 2*r + 13, 5*r + 4*o - 29 = -t. Let j(d) = 3*d**3 - r - 5*d**2 - 15*d + 19*d - 2*d**3. Give j(4).
-1
Let p(q) = -19*q - 8. Let i(j) = 4*j - 1. Let o(v) = 5*i(v) + p(v). Determine o(11).
-2
Let s(g) = -2*g**2 - 5*g - 4. Suppose 13 = x - 7. Let h = x + -23. Determine s(h).
-7
Let z(l) = 3*l**3 + 3*l**2 + 7*l - 9. Let r be z(1). Let s(u) = -3*u**2 + 6*u - 5. Give s(r).
-29
Let o(c) = -2*c**2 + 9*c. Let z be -12*(-3 + (-8)/(-3)). Suppose 4 = 5*a - a + z*k, -13 = -3*a - k. Give o(a).
-18
Suppose 3*u - 6*u = -15. Suppose h - 15 = -2*w + 5*w, -u = w + 2*h. Let r be w/(3*(-3)/9). Let k(b) = -2*b**2 + 5*b + 6. Determine k(r).
-19
Let v(n) = -2*n. Suppose 2*o = -0*o + 2. Suppose -4 = -2*a + 4*c, 5*c + o = a + 2*c. Suppose -6 = -2*g - a*g. What is v(g)?
-2
Let f(r) = -r**3 + 10*r**2 + 11*r - 5. Suppose 34 = 6*t - 32. Let b be f(t). Let i(n) = n**3 + 6*n**2 + 5*n - 6. What is i(b)?
-6
Let h(j) = j**3 - 3*j**2 - 2*j - 2. Suppose -5*v - 9 = m - 4*m, 2*m - 6 = -v. Suppose -3*x + 2*z + 13 = v, 5*x - 25 = 4*z + z. Calculate h(x).
-8
Suppose -2*v = -2*c, -4*c + 10 - 2 = 4*v. Let f(l) = 6*l - 8*l + 9 + 2 - c. What is f(7)?
-4
Let z = 6 + 5. Let j = z + -9. Let a(u) = 4*u + j*u + 3 + 4 - 5 + u**2. Determine a(-4).
-6
Let s be -10 + 8 + (-24)/(-2). Let i(f) = 0*f - 6*f**2 - 1 + 2*f + 4*f + s*f**2 - f**3. What is i(5)?
4
Let f be (-3 - -7) + -5 + 8. Let k(b) = -2*b + 20. Give k(f).
6
Suppose 2*d + 3*u - 11 = -2*d, -4*d + 2*u = 14. Let m(k) = k + 1. Let n(p) = -p - 4. Let l(q) = d*n(q) - 5*m(q). Suppose r + 0 = -1. Calculate l(r).
3
Let g(b) = -8*b + 1. Suppose 31 - 6 = 5*m. Suppose 5*c - a = -2, -m*c + 4*a = -c - 8. Determine g(c).
9
Let z(u) be the second derivative of -u**6/120 - u**5/60 + u**4/24 - u**3/2 - 25*u**2/2 + 2*u. Let x(l) be the first derivative of z(l). Give x(0).
-3
Let m be 13/1 + (-10)/(-5). Suppose m = -5*c - 10. Let k be c/(-35) - (-34)/7. Let h(i) = i**3 - 4*i**2 - 5*i + 3. Determine h(k).
3
Let a(f) = 2*f**3 + 11*f**2 - 6*f + 8. Let h(q) = -q**3 - 6*q**2 + 3*q - 4. Let m(i) = -4*a(i) - 7*h(i). Let b = 39 + -23. Suppose -13 = -z - b. Calculate m(z).
-4
Suppose -4*r = -4*k, -4*k + 2*r - 9 + 7 = 0. Let m(l) = -10*l**2 + l. Calculate m(k).
-11
Let y(m) = 76*m**2 - 41 - m - 77*m**2 + 42. What is y(2)?
-5
Let z(p) = -p**2 + 18*p + 7*p + 10 - 19*p. Calculate z(7).
3
Let s(a) = -32 - a**2 - a + 64 - 30. Calculate s(-4).
-10
Let b(f) be the third derivative of f**4/24 - f**3/2 + 3*f**2. Let t = 1 + 15. Let z = t - 22. What is b(z)?
-9
Suppose 2*t + 32 = -2*t. Let w(y) = -y - 13. Let b be w(t). Let p be (5/(-3))/b*-15. Let s(u) = u**3 + 4*u**2 - 3*u + 5. What is s(p)?
-5
Let i(n) = -n**2 + 4*n - 3. Suppose 5*h - 2*f - 17 = 0, 4*f = -3*h + 9*f - 5. What is i(h)?
-8
Suppose 0 = 16*d - 40 - 8. Let z(h) = -7*h + 7. Calculate z(d).
-14
Let m(s) be the second derivative of -1/6*s**3 - 16*s - 6*s**2 + 0. What is m(-6)?
-6
Suppose 5*q + 2*f + 35 = -16, -q = -3*f. Let j(o) = -o**2 - 9*o - 8. Give j(q).
-8
Let z(t) be the second derivative of -1/3*t**3 + 10*t - 1/6*t**4 + t**2 + 0. Give z(2).
-